lculate the remainder when 520 is divided by 64.
8
Calculate the remainder when 460 is divided by 119.
103
Calculate the remainder when 610 is divided by 62.
52
Calculate the remainder when 1303 is divided by 20.
3
What is the remainder when 312 is divided by 35?
32
What is the remainder when 728 is divided by 684?
44
Calculate the remainder when 267 is divided by 30.
27
What is the remainder when 14033 is divided by 58?
55
Calculate the remainder when 1505 is divided by 116.
113
Calculate the remainder when 526 is divided by 523.
3
What is the remainder when 436 is divided by 6?
4
Calculate the remainder when 2233 is divided by 282.
259
Calculate the remainder when 473 is divided by 25.
23
Calculate the remainder when 175 is divided by 24.
7
Calculate the remainder when 221 is divided by 30.
11
Calculate the remainder when 91 is divided by 85.
6
What is the remainder when 765 is divided by 100?
65
Calculate the remainder when 119 is divided by 10.
9
What is the remainder when 65 is divided by 2?
1
What is the remainder when 3327 is divided by 35?
2
Calculate the remainder when 7896 is divided by 100.
96
Calculate the remainder when 32 is divided by 20.
12
What is the remainder when 5779 is divided by 141?
139
Calculate the remainder when 1875 is divided by 10.
5
What is the remainder when 555 is divided by 180?
15
Calculate the remainder when 890 is divided by 69.
62
Calculate the remainder when 865 is divided by 172.
5
Calculate the remainder when 1555 is divided by 30.
25
What is the remainder when 5410 is divided by 132?
130
What is the remainder when 123 is divided by 88?
35
What is the remainder when 151 is divided by 33?
19
Calculate the remainder when 530 is divided by 61.
42
What is the remainder when 718 is divided by 120?
118
Calculate the remainder when 114 is divided by 93.
21
Calculate the remainder when 1777 is divided by 451.
424
What is the remainder when 34 is divided by 29?
5
What is the remainder when 160 is divided by 23?
22
Calculate the remainder when 7648 is divided by 255.
253
Calculate the remainder when 566 is divided by 72.
62
Calculate the remainder when 15518 is divided by 16.
14
Calculate the remainder when 9580 is divided by 13.
12
Calculate the remainder when 1447 is divided by 5.
2
What is the remainder when 2433 is divided by 37?
28
Calculate the remainder when 751 is divided by 306.
139
Calculate the remainder when 7941 is divided by 24.
21
Calculate the remainder when 153 is divided by 12.
9
Calculate the remainder when 11131 is divided by 65.
16
Calculate the remainder when 748 is divided by 7.
6
What is the remainder when 183 is divided by 46?
45
What is the remainder when 2650 is divided by 15?
10
What is the remainder when 159 is divided by 78?
3
Calculate the remainder when 551 is divided by 92.
91
What is the remainder when 962 is divided by 315?
17
What is the remainder when 77 is divided by 10?
7
What is the remainder when 172 is divided by 30?
22
What is the remainder when 1290 is divided by 44?
14
What is the remainder when 1014 is divided by 134?
76
Calculate the remainder when 19291 is divided by 182.
181
Calculate the remainder when 596 is divided by 15.
11
What is the remainder when 421 is divided by 159?
103
What is the remainder when 29 is divided by 7?
1
Calculate the remainder when 1261 is divided by 55.
51
Calculate the remainder when 92 is divided by 47.
45
Calculate the remainder when 588 is divided by 123.
96
What is the remainder when 103 is divided by 35?
33
Calculate the remainder when 203 is divided by 36.
23
Calculate the remainder when 3724 is divided by 33.
28
What is the remainder when 195 is divided by 25?
20
Calculate the remainder when 20799 is divided by 100.
99
What is the remainder when 56 is divided by 5?
1
Calculate the remainder when 1681 is divided by 414.
25
What is the remainder when 1353 is divided by 10?
3
What is the remainder when 749 is divided by 37?
9
Calculate the remainder when 920 is divided by 47.
27
Calculate the remainder when 390 is divided by 66.
60
Calculate the remainder when 205 is divided by 60.
25
What is the remainder when 224 is divided by 102?
20
What is the remainder when 231 is divided by 26?
23
What is the remainder when 81 is divided by 21?
18
What is the remainder when 336 is divided by 57?
51
Calculate the remainder when 513 is divided by 40.
33
What is the remainder when 478 is divided by 21?
16
Calculate the remainder when 476 is divided by 237.
2
Calculate the remainder when 192 is divided by 90.
12
Calculate the remainder when 636 is divided by 155.
16
What is the remainder when 571 is divided by 565?
6
What is the remainder when 6 is divided by 1?
0
What is the remainder when 177 is divided by 15?
12
Calculate the remainder when 223 is divided by 14.
13
What is the remainder when 313 is divided by 111?
91
Calculate the remainder when 345 is divided by 39.
33
What is the remainder when 1920 is divided by 26?
22
What is the remainder when 4398 is divided by 15?
3
What is the remainder when 1824 is divided by 359?
29
Calculate the remainder when 832 is divided by 44.
40
What is the remainder when 243 is divided by 33?
12
What is the remainder when 436 is divided by 44?
40
Calculate the remainder when 4417 is divided by 442.
439
Calculate the remainder when 144 is divided by 19.
11
Calculate the remainder when 719 is divided by 35.
19
What is the remainder when 158 is divided by 16?
14
Calculate the remainder when 984 is divided by 142.
132
What is the remainder when 4111 is divided by 4100?
11
What is the remainder when 155 is divided by 2?
1
Calculate the remainder when 1942 is divided by 24.
22
What is the remainder when 5823 is divided by 25?
23
Calculate the remainder when 2998 is divided by 69.
31
Calculate the remainder when 3448 is divided by 23.
21
Calculate the remainder when 1338 is divided by 25.
13
What is the remainder when 642 is divided by 17?
13
Calculate the remainder when 1948 is divided by 33.
1
Calculate the remainder when 63 is divided by 42.
21
Calculate the remainder when 501 is divided by 493.
8
Calculate the remainder when 81 is divided by 4.
1
What is the remainder when 6762 is divided by 2248?
18
What is the remainder when 478 is divided by 32?
30
What is the remainder when 200 is divided by 45?
20
Calculate the remainder when 185 is divided by 11.
9
Calculate the remainder when 1744 is divided by 11.
6
Calculate the remainder when 119 is divided by 55.
9
Calculate the remainder when 142 is divided by 28.
2
Calculate the remainder when 3441 is divided by 1715.
11
What is the remainder when 1321 is divided by 169?
138
Calculate the remainder when 369 is divided by 34.
29
What is the remainder when 48 is divided by 24?
0
Calculate the remainder when 335 is divided by 16.
15
Calculate the remainder when 102 is divided by 10.
2
Calculate the remainder when 13 is divided by 3.
1
What is the remainder when 116 is divided by 13?
12
Calculate the remainder when 295 is divided by 142.
11
Calculate the remainder when 523 is divided by 31.
27
Calculate the remainder when 2551 is divided by 142.
137
What is the remainder when 318 is divided by 76?
14
Calculate the remainder when 4848 is divided by 77.
74
What is the remainder when 935 is divided by 78?
77
Calculate the remainder when 3171 is divided by 245.
231
What is the remainder when 140 is divided by 128?
12
What is the remainder when 952 is divided by 106?
104
What is the remainder when 3425 is divided by 52?
45
What is the remainder when 276 is divided by 11?
1
What is the remainder when 54 is divided by 14?
12
Calculate the remainder when 3218 is divided by 46.
44
Calculate the remainder when 63 is divided by 5.
3
Calculate the remainder when 261 is divided by 40.
21
Calculate the remainder when 104 is divided by 94.
10
What is the remainder when 417 is divided by 110?
87
Calculate the remainder when 2404 is divided by 1199.
6
What is the remainder when 124 is divided by 66?
58
Calculate the remainder when 200 is divided by 30.
20
Calculate the remainder when 1991 is divided by 18.
11
Calculate the remainder when 113 is divided by 74.
39
Calculate the remainder when 1047 is divided by 153.
129
What is the remainder when 386 is divided by 57?
44
What is the r